on divisor of 1 and r.
1
Let i = 54 + -4. Calculate the highest common factor of i and 20.
10
Suppose n = 6*n - t - 377, -2*t = -4*n + 298. Let w = n - 32. Calculate the highest common divisor of w and 11.
11
Let m = -8 + 15. What is the highest common divisor of m and 77?
7
Suppose 0 = -4*o + 4. Suppose 4*r - 3*m - 43 = 0, 4*r + 3*m = -0 + 13. Calculate the greatest common divisor of o and r.
1
Suppose 2*y - 5 = 1. Suppose -14 = y*o - 35. Calculate the highest common factor of o and 56.
7
Let q(s) = s + 6*s**2 + 0 - s**3 - 2 + 0*s. Let f be q(3). Calculate the greatest common divisor of 7 and f.
7
Suppose 0 = -2*p + 4*z + 8, -2*p = -6*p + 2*z + 28. Let c be (-4)/(-6) + (-262)/(-3). Calculate the highest common divisor of c and p.
8
Suppose -8*b + 7*b + 55 = 0. What is the greatest common factor of b and 22?
11
Let w be (-366)/15 - 4/(-10). Let p = -6 - w. Let o = -10 - -16. What is the highest common factor of p and o?
6
Let u be (-5 - -11) + (-8)/2. What is the greatest common divisor of 14 and u?
2
Suppose 4 = 2*y, 0*y - 4*y + 52 = 4*z. Calculate the greatest common divisor of 121 and z.
11
Let g(u) = u**3 + u**2 + 2*u + 22. Let r be g(0). Let y(p) = -p**3 + 4*p**2 + 6*p + 6. Let v be y(5). Calculate the highest common divisor of r and v.
11
Let r(m) = -12*m + 28. Let v be r(-15). What is the highest common factor of v and 13?
13
Let w = -24 - -36. Calculate the greatest common divisor of w and 120.
12
Let f = -6 + 9. Suppose -6*q + 2*q = m - 8, -4*q + f*m + 8 = 0. What is the greatest common divisor of q and 16?
2
Let w(y) = -20*y - 1. Let s be w(-3). Suppose -23 = 3*z - s. Calculate the greatest common divisor of z and 6.
6
Let c be 1 - (0 + -2)*1. Suppose 0 = f + 2*g - 22, -f + 25 = -0*f + c*g. Let k = -7 + 11. Calculate the greatest common divisor of k and f.
4
Suppose 0*v - 44 = 2*v. Let i = v - -35. What is the greatest common factor of i and 13?
13
Suppose 5*c - 139 - 101 = 0. Calculate the greatest common factor of 24 and c.
24
Let l = -5 + 8. Let t(f) = -f**2 + 6*f + 1. Let y be t(l). Calculate the highest common factor of 80 and y.
10
Suppose 15*t - 476 = -2*t. Calculate the greatest common divisor of t and 21.
7
Let i = 253 - 153. Calculate the highest common factor of 20 and i.
20
Let m = 0 - -11. Let w = -4 - -3. Let d be 0 + w - (-33 + -1). What is the highest common divisor of m and d?
11
Let g = -1 + -35. Let f = g + 53. What is the highest common divisor of 153 and f?
17
Suppose 3*a = -2*j - 3*j + 17, 3*a = -3. Suppose 131 + 69 = j*r. What is the greatest common factor of r and 10?
10
Let w(q) = 2*q - 4. Let n be w(5). Suppose 3*k + 1 + 2 = 0. Let u be 9 - (k + 2 + -1). Calculate the greatest common divisor of u and n.
3
Suppose 2*q = -0*q + 56. Suppose -5*n + 313 = q. What is the highest common divisor of 38 and n?
19
Let i(d) = d**2 + 2*d - 6. Let z be i(-6). Suppose r = -4*p + 9, 2*p + 2*r - z = 6*r. Let k = 7 - p. What is the greatest common divisor of k and 8?
4
Suppose 3*p + 0*q - 46 = -5*q, -p = 3*q - 18. What is the highest common divisor of p and 12?
12
Let j be 2/(-4) - (-2)/4. Suppose a = 10 - j. Suppose 2*o = 8*o - 540. What is the highest common divisor of o and a?
10
Suppose -3*r = -5*t - 0*r + 18, 5*t + 5*r = 50. Let n be 1 + 1 + t/1. Let l(z) = 3*z - 7. Let c be l(5). What is the highest common divisor of c and n?
8
Let x(r) be the first derivative of r**4/4 + r**3/3 - 3*r**2/2 + 2*r - 1. Let z be (3 - 6/3)*2. Let f be x(z). What is the highest common divisor of f and 32?
8
Let g(u) = -10*u - 6. Let p be g(-3). Let v be (-596)/(-10) + (-10)/(-25). What is the greatest common factor of p and v?
12
Suppose l - 176 = -3*b - 0*l, -2*l + 112 = 2*b. What is the highest common factor of b and 150?
30
Let u(l) = 4*l**3 + 12*l**2 + 4*l - 2. Let j(i) = i**3 + i**2 + i - 1. Let a(v) = 5*j(v) - u(v). Let p be a(7). What is the highest common divisor of p and 8?
4
Let z be 1122/42 - (-4)/14. Let h be (10/15)/(2/z). What is the greatest common factor of 27 and h?
9
Suppose -10 = -3*q + j, -4*q - q + 10 = -5*j. Let o be q/(-14) - (-326)/14. What is the highest common divisor of o and 161?
23
Let w(b) = 4*b - 8. Let t be w(11). Calculate the greatest common factor of 12 and t.
12
Let c(f) = f**3 + 20*f**2 + 70*f + 33. Let z be c(-15). Let a(m) = 0*m + 5 + 0 - m. Let i be a(-7). What is the greatest common divisor of z and i?
12
Let n = 85 - -122. What is the greatest common divisor of 23 and n?
23
Suppose 0 = -2*l - 2 + 4. Let x be 0/(-2 + 1)*l. Suppose 0 = y + 3*i - 19, x*y - 53 = -3*y - 5*i. Calculate the highest common divisor of 64 and y.
16
Let l be 8 + 2/(-2) - -2. Suppose -4*v - 202 = -2*f, 5*f + 0*v = 4*v + 499. What is the greatest common factor of f and l?
9
Let a(d) = -d**2 - 9*d + 10. Let u be a(-9). Let w be (20/(-6))/((-2)/3). Calculate the greatest common divisor of w and u.
5
Let h be 5/15*1*12. What is the greatest common factor of h and 32?
4
Let z be (12/15)/(1/60). Suppose -3*i - 2*i - 5*b = -220, -i + 3*b + z = 0. What is the greatest common divisor of 15 and i?
15
Suppose 0 = -3*d - 6 - 21. Let f be 46*2/((-4)/d). What is the greatest common factor of f and 23?
23
Let h(d) = d - 6. Let g be h(13). Calculate the greatest common divisor of g and 35.
7
Let v(i) = -7*i - 1. Let z be v(-1). What is the greatest common factor of 9 and z?
3
Let f(a) = a**3 - 5*a**2 + a - 1. Let s be f(5). What is the highest common factor of 8 and s?
4
Suppose 4*a + 6*w - 3*w = 410, 0 = a - 4*w - 112. Let y be 2 + -1 - (1 - -14). Let m be 4/y + 279/21. What is the greatest common divisor of a and m?
13
Let h be ((-3)/5*2)/((-1)/5). What is the highest common factor of h and 60?
6
Suppose 3*k - 4*t + 1 = -5, -2*k = t - 7. Suppose -p + 4*p + 7 = 4*h, -2 = -k*h. Let i be 32 + ((-9)/3)/p. Calculate the highest common divisor of 5 and i.
5
Suppose 3*d - 5*k + 11 - 1389 = 0, -1809 = -4*d + k. Suppose 3*v + 3*i = -v + d, 333 = 3*v - 3*i. What is the greatest common divisor of v and 16?
16
Let h = -5 + 13. Calculate the greatest common divisor of 2 and h.
2
Let p(q) = q**3 + 5*q**2 - 4*q - 2. Let k be p(-4). Let s(v) = v**3 + 4*v**2 + v + 4. Let a be s(-3). What is the highest common divisor of a and k?
10
Let b be 6*3 + 18 + -22. Let z be 5/15 + (-167)/(-3). Calculate the highest common divisor of z and b.
14
Suppose -4 - 8 = -6*x. What is the highest common divisor of x and 14?
2
Let d = -36 - -96. Calculate the greatest common divisor of 12 and d.
12
Let l(o) = o**2 - 9*o + 24. Let r be l(8). What is the greatest common divisor of 6 and r?
2
Let n = -36 - -44. Let j be -1*(-1)/(-1) - 1. Let r be (j/4)/(3/(-6)). What is the highest common factor of r and n?
1
Suppose 0 = -m - 5*i + 27 - 2, 2*m = 4*i + 8. Suppose -5*h + 138 + 12 = 0. What is the highest common factor of h and m?
10
Let i(z) = -30*z - 6. Let a be i(-6). Let f = a - 84. Let y be 18/2 + 14/14. Calculate the highest common divisor of y and f.
10
Let j(o) = -9*o + 15. Let z be j(-10). What is the highest common divisor of z and 70?
35
Let j be 3/(-2 + 3 + 0). Suppose j*z = -z. Suppose -57 = -6*b + 2*b - 3*g, 3*b - 4*g - 74 = z. Calculate the greatest common factor of 126 and b.
18
Let s(f) = f**2 - 1. Let a be s(3). Suppose 5*m = 15, -a*d + 153 = -3*d + m. What is the highest common divisor of 15 and d?
15
Let t(j) = -3*j**3 + 2*j**2 - 1. Let s be t(-1). Let o be (-20)/(0 + 2/(-33)). Suppose -2*k = -s*k + o. Calculate the highest common divisor of k and 15.
15
Let i(q) = q**3 + 10*q**2 - 6*q - 15. Let w be i(-10). Suppose 2*u - 4 = 26. Let b = -6 + u. What is the greatest common factor of b and w?
9
Let z be ((-5)/(-3))/((-6)/(-54)). Suppose 184 - 705 = -5*p + 2*c, -2*p + 202 = -4*c. What is the highest common factor of p and z?
15
Let a = 33 + 9. Suppose 5*u + 3*q = 93, -4*u - 4*q + 5*q = -88. Calculate the greatest common factor of u and a.
21
Let c be (-767)/(-8) - (-1)/8. Suppose -16 = -j - 4*n, 4*j - 2*n + 24 = 70. What is the greatest common divisor of c and j?
12
Let j = -36 + 86. Suppose -2*i + 20 = -q - 23, -91 = -5*i - 3*q. Calculate the greatest common factor of i and j.
10
Let v be 20/(-16)*(0 - 4). Suppose 5*z + 115 = 3*n, 2*n + 0*z = v*z + 75. Calculate the greatest common factor of n and 60.
20
Suppose 2*i - 5*i = 0. Suppose 0 = -r + 10 - i. Calculate